)) + (-4 - -4) + -5 + -62?
-54
Evaluate -94 - -2 - (-43 + (13 + 31 - 16)).
-77
Calculate 8 + -36 + -20 - (-5 + -55).
12
Evaluate 112 - (136 - (-103 - -116)).
-11
What is (-24 - (12 - 24 - 81)) + (-2 - 3)?
64
What is (-78 - -23) + 21 + 4?
-30
What is the value of (-34 - (-7 + -26 + 10)) + -2 + 1?
-12
-76 + (-13 + 8 + 35 - 15) - -3
-58
What is the value of (-18 - -19 - 5) + -52?
-56
Evaluate (-365 - -413) + -3 + -79.
-34
What is the value of 67 + (-11 - (-16 + 23))?
49
27 - -13 - 66 - 14 - (-3 - -13)
-50
What is (-80 - -71) + (6 - (1 + 4)) + (20 - -5)?
17
(9 - (6 + (16 + 6 - 16))) + (-4 - -14)
7
Calculate 8 + -51 + 8 + 30 + (20 - 0).
15
What is the value of -82 + (290 + -88 - 112)?
8
(5 - 16) + (22 - -1) + 98 - (2 + 2)
106
Calculate 143 + 6 + (-17 - (38 - 20)) + 19.
133
Evaluate 16 - (-3 + 93 + -152 - (-6 - -1)).
73
Evaluate -11 + 37 + -2 + -1 + (-247 - -237) - 52.
-39
-1 + (-20 - 29) + (2 + 0 - -6)
-42
What is the value of 34 - (119 - (13 + 143))?
71
Calculate (61 - 76 - (-3 + -18)) + (1 - -7).
14
What is the value of (-1 - -12) + (1385 - 1406) + (-1 - -12)?
1
-5 - ((-4 + -2 - 17) + 8 - -4) - 1
5
Evaluate (-1 - -1 - (-1 - (17 + -13) - 9)) + 3.
17
-1 + -25 - (-66 + -123 + 240)
-77
27 + 16 - -1 - (-3 - -16) - -13
44
(1 - -150) + -623 + 563
91
(-93 - 1) + (40 - 31) + 12 + -11
-84
What is 2 + -18 - (-241 - (-151 - 29))?
45
Evaluate 4478 + -4590 + 44 + 1.
-67
What is -46 - (-7 - (36 + -16 - 18))?
-37
Evaluate 8 + -11 + -13 + -21 + (10 - -2).
-25
Evaluate -45 - (-133 - (-7 + 20 - -11)).
112
2 - 43 - (19 - (27 - 7 - 15))
-55
Evaluate 13 + (-11 - (-10 - (-5 - -7))) + -13.
1
What is 25 - 42 - (-48 - (-31 + 13))?
13
Calculate -1292 + 1356 - (17 + -1).
48
9 + (-31 - (-24 - 9)) + (1 - 37)
-25
Calculate 138 - 111 - -31 - 154.
-96
What is -21 + 49 - (9 + -1 + (-15 - -1))?
34
What is the value of (60 - 55) + 2 + 112 - (16 - 1)?
104
What is (-2 + 5 - -5) + 11 + 2 + -13?
8
What is 1 + 8 + (-21 - (7 - (43 + -10))) + -62?
-48
39 - (54 - 70 - -70)
-15
135 - ((-46 - (-21 - 2)) + 62)
96
37 + 4 - -5 - 1 - (372 - 380) - 9
44
2 + 0 - (-6 + -11 + -32)
51
What is the value of (-18 - 79) + 22 - -30?
-45
(-14 + 1 - (11 + -23 + 3) - -14) + -62
-52
Evaluate -25 + 0 + 92 + (-73 - -23).
17
-6 - (179 - (125 + -52))
-112
-184 - (-113 + -106) - (0 + 16)
19
What is the value of 0 - 96 - (31 + -42 + (6 - 8 - -1))?
-84
Calculate -6 - -38 - (-44 - -34) - (3 - 4).
43
(7 - (-3 + 2)) + (14 + -12 + -29 - -33)
14
Calculate 53 + (0 - 7) - (199 + -179).
26
Calculate (12 - 29) + -2 + 12 - 3.
-10
What is -55 + 2 + (38 - -1)?
-14
What is the value of (49 - 55) + (12 - -14 - 62)?
-42
Evaluate -18 - -10 - -10 - -31.
33
(3 + (-15 - -6) + -1 - -2) + (-77 - 3)
-85
0 + 6 + (63 - 11) - (1 - -1 - 0)
56
Calculate 52 - (-1 + -20 + 21 + -3).
55
What is the value of -133 - -122 - ((-5 - -12) + -45)?
27
(-10 - -19) + 24 - (18 + (-2 - 26))
43
14 + (-21 + 4 + -2 - (-6164 - -6157))
2
Calculate 43 - -22 - 92 - -30.
3
Calculate -32 + (-5 - (-93 + 9 + 18)).
29
Evaluate (79 - 50 - 42) + 21 + 0 - (-2 - -92).
-82
15 + (-301 - (-500 + 202) - (0 + 1 + -113))
124
What is -97 + (-16 - ((-59 - -8) + 0) - 17)?
-79
What is the value of -99 + 76 - (-2 + (-52 - 3) + -9)?
43
-16 + (-1 + -120 - (16 + -26)) - 4
-131
Evaluate -47 + (-1 - -180) + 707 + -753.
86
What is (63 - (-58 + 115)) + 44?
50
66 - (1 + 28) - 150
-113
27 - 3 - (-34 - (0 - 12))
46
(10 - 5) + 1 + -2 + 5 + 346 + -401
-46
100 + (34 - 96) - 118
-80
(63 - (7 - (-104 + 115 - (10 + 0)))) + 9
66
Calculate -7 - 6 - ((148 - 215) + (3 - 4 - 13)).
68
What is the value of 75 + (-11 - (19 + 12)) - 159?
-126
What is -14 + (-2 - 3) - (-1 - -17)?
-35
Evaluate -2 + (-60 - 4 - -47) + (-1 - -8).
-12
270 + -255 - (-5 + (2 - -2)) - 19
-3
Calculate -3 - 46 - (-9 + (28 - 3)) - (1 + -11).
-55
-54 + 29 + -24 - -16 - 38
-71
Evaluate (47 - ((-23 - -32) + 14)) + 31.
55
What is -11 + (-26 - (0 - 2)) + (-15 - -18)?
-32
What is the value of 49 + (32 - (41 + -28 - -147))?
-79
-32 + 52 + (-5 - 20) + -114
-119
49 + (-10 - 3) + -34
2
What is 26 - (-57 + (29 - 10))?
64
(5 - -10 - (16 + -46 - -27)) + 48
66
Calculate (-82 - 3) + (2129 - 2085).
-41
What is the value of -20 + 20 - -15 - 18 - -9?
6
(-35 + -26 - 63) + (0 - -1 - (-1 - -1))
-123
What is 71 + -10 - (84 - 35) - (-1 + -23)?
36
What is the value of 6 + (-3 + 2 + 2 - 8) + 3 + 41?
43
What is 1 + 4 + -6 + (0 - (-13 + 23))?
-11
Calculate (8 - 109 - -213) + -214.
-102
Evaluate (674 - 663) + (-4 - (4 + -69)) - (-1 - -13).
60
Evaluate (-7 - -1) + -4 + -3 + 28 + 301 + -302.
14
What is 0 - ((-3 - -21) + (20 - -6 - 46))?
2
What is -38 + (-3 + -2 + 0 - (68 + -67)) + 13?
-31
Evaluate (0 - 0) + -54 - (-7003 + 6973).
-24
What is 9 + (-78 - -26) + 50?
7
What is -19 + 17 + 15 + -67?
-54
Evaluate -8 - (-235 + 240 + -48 + -1).
36
32 + 0 + -49 + 63
46
What is the value of -11 - (-17 + 7 + 15 - (-3 + 4 - -1))?
-14
2 - (13 + -13 + (-8 - -25))
-15
What is (10 - 2) + -17 - (-127 + 5) - (4 - 0)?
109
What is the value of 5 - (35 - (26 + 38))?
34
What is the value of (-1 + (-6 - 7) - -3) + 11 + 5?
5
Evaluate -100 - (-104 - 91) - (-2 - 14 - (-6 + 3)).
108
Evaluate (-31 - -58) + 1 + -11 + -5.
12
Evaluate 34 + -5 - (-172 + 213).
-12
What is 14 + -6 - 8 - (-12 - -17) - 37?
-42
4 + 45 + -74 + 31
6
-65 + 12 + (85 - 39) - 96
-103
71 - (-34 + 43 + -43 + 10)
95
Evaluate -11 - (8 + -33) - (-430 - -462).
-18
Calculate (9 - (-6 - (-22 + 6))) + 64 + (-2 - -6).
67
Evaluate 3 - (-38 + -34 + 38).
37
Calculate -11 - ((-5 - -25) + (42 - 39) + -23).
-11
Evaluate 6 + 0 + 1 + (683 - 699).
-9
What is -24 + -1 + -3012 + 3014?
-23
Evaluate -3 + (12 - -10) + -7.
12
Evaluate -10 - (-11 + 5 + 3 - 9 - 49).
51
What is 6 + -1 + -3 + -26 - 45?
-69
Calculate -3 - (-13 - (-23 - ((-8 - 1) + (-11 - -7)))).
0
-14 - -36 - 29 - -5 - 36
-38
(-14 - (-15 + -8)) + (9 - 35) + -11
-28
Evaluate 100 + (27 + 1 - (6 + (70 - 53))).
105
-2 + 69 - (7 - 1 - (-25 + (22 - -16)))
74
Calculate 181 + -166 + -111 + 5 + -19.
-110
Calculate 14 + 0 + (10 - (40 + -18)) + 2 + 1.
5
What is (26 + -32 - 7) + 35 + -27?
-5
Evaluate 91 - (8 + -4 + (0 - 16) - 4).
107
(40 - 44) + 13 + (13 - -3)
25
(-5 - -13) + 101 + (-5 - (1 - -5))
98
Calculate -28 - ((1 - 3) + -2 + -6 - (0 - 11)).
-29
7 + -11 - 112 - -29 - (17 + 3)
-107
What is the value of (0 - -33) + 6 - (-15 + 35 - 15)?
34
Evaluate (-5 + 9 - (-3 + 3)) + (644 - 662).
-14
Calculate 68 - 41 - (16 + 23).
-12
Calculate 630 - 579 - (-4 + 11).
44
What is the value of -26 + 157 + -44 + -33?
54
What is the value of 6 + (3 - -11) + -16 + 8?
12
Calculate (1 + 10 - 32) + 56.
35
Evaluate 0 + 8 - (-6178 + 6111).
75
Calculate (-5 - (-6 - -3)) + 1 + 5 - -1.
5
What is (6 - 11) + 3 + (-6 - (-8 + 4 + -43))?
39
What is -4 - -2 - -13 - (363 + -401) - 12?
37
Calculate 86 - (22 + (-63 - -49)).
78
What is -67 + -13 - -55 - (-1 - 14)?
-10
Calculate (-5 - -44) + 489 + -505.
23
What is the value of 54 + 11 + 14 + -41 + 30 + -11?
57
What is (-19 - 8 - (-9 + -5)) + 66?
53
What is 36 + -44 + (2 - 3 - -8) + -75 + 1?
-75
What is the value of (83 + -92 + 53 - 65) + (0 + 0 - 16)?
-37
What is the value of 14 + -109 + (-6 - -44)?
-57
What is the value of (2 + 1 + -7 - (-74 + 51)) + -44?
-25
Calculate (-2 - 34) + (-36 - -57) - -66.
51
Calculate 8 - -4 - (-336 - -307 - (1 - 6)).
36
What is the value of -89 - (38 + (-14 - 6) - 48)?
-59
104 - 91 - (51 - (12 - (-5 + 8)))
-29
-40 - (6 - 27 - -2 - -18)
-39
-11 - (40 - (33 - 13))
-31
-6 + (9 - 8 - 5 - -23) + 19
32
-93 + -94 + 203 - (-58 - 4)
78
Evaluate -63 + -4 - (-69 - -24).
-22
What is the value of -6 - (133 + 9 + -130 - (-1 - 0 - -21))?
2
Evaluate (1 - 59 - (73 + 74 + -134)) + 6.
-65
What is (-24 - (22 + -6)) + 25 + 6?
-9
Calculate (3 - (11 - 5) - -12 - 7 - -3) + 21.
26
What is -1 + 14 - (4897 + -4937) - (-2 + -16)?
71
Evaluate -9 + 41 - (22 - (8 + 20)).
38
What is the value of 75 + (-3 - (-7 + 4) - (-14 - -3 - -7))?
79
39 - (-47 - -39 - (-67 + -34))
-54
Calculate 0 + -13 - (87 + -6 + -27).
-67
Calculate 47 + (-19 - (-15 + -6 + 22)).
27
What is the value of -13 + -3 - (-4 + -102 + -10) - (5 + 0)?
95
1 + -4 + -73 + (-58 + 154 - 111)
-91
What is the value of 0 + 3 - (-4287 + 4273)?
17
What is 9 - (17 + -8 - -4 - -1) - (-8 - -83)?
-80
Evaluate (-14 - (-19 - -10) - 0) + 3 - (1 + 13).
-16
Calculate -2 - (-77 - 1) - (-35 - (58 + -78)).
91
What is the value of (-1 - (-47 - 